
Let r(w) = w**3 - 5*w**2 + 14*w - 8. Give r(2).
8
Let z(w) = -w**2 + 5*w - 6. Determine z(5).
-6
Let f(m) = -3*m**2 - 8*m - 6. Give f(-5).
-41
Let j(x) = -9*x**2 + 5*x + 35. Give j(-4).
-129
Let k(y) = 32*y + 57. Give k(-3).
-39
Let h(w) = -w**3 - 2*w**2 + 12*w + 9. Calculate h(-4).
-7
Let u(j) = -11*j - 17. What is u(-5)?
38
Let c(u) = u**3 - 9*u**2 + 4*u + 16. Determine c(8).
-16
Let t(p) = -36*p - 36. What is t(-1)?
0
Let p(g) = -g**3 - g**2 - 5*g - 4. Give p(-3).
29
Let q(b) = b**3 + b**2 + 24*b + 46. Calculate q(-2).
-6
Let k(b) = -b**2 + 12*b - 20. What is k(11)?
-9
Let z(c) = -10*c**3 + 2*c**2 + 3*c + 1. What is z(-2)?
83
Let u(o) = -7*o + 7. Give u(1).
0
Let x(d) = d**3 + 5*d**2 + 4*d - 5. Calculate x(-4).
-5
Let b(x) = -x**2 - 6*x - 3. Determine b(-5).
2
Let l(x) = -2*x - 44. Determine l(-25).
6
Let a(x) = 8*x**2 + x - 1. Give a(1).
8
Let r(f) = f**2 - 7*f + 13. Calculate r(6).
7
Let o(f) = -f**2 + 29*f - 171. What is o(21)?
-3
Let i(n) = -n + 1. What is i(5)?
-4
Let z(q) = q**3 + 5*q**2 - 4*q - 35. Determine z(-4).
-3
Let t(v) = 19*v**2 - 3*v + 2. Determine t(1).
18
Let x(s) = -s**2 + 5*s + 5. Give x(7).
-9
Let x(m) = -m**3 - 6*m**2 - 8*m - 5. What is x(-5)?
10
Let b(g) = -2*g**2 + 17*g + 31. Calculate b(10).
1
Let g(c) = -c**3 - c**2 + 7*c - 9. Calculate g(-3).
-12
Let f(a) = -a**3 + 15*a**2 + 25*a - 29. Determine f(16).
115
Let g(s) = 2*s + 16. Determine g(-10).
-4
Let r(q) = q**2 + 16*q - 58. Calculate r(-19).
-1
Let c(x) = 3*x - 11. Calculate c(5).
4
Let r(c) = -3*c - 116. Calculate r(-37).
-5
Let g(l) = -17*l**2 + 49*l - 1. Give g(3).
-7
Let i(f) = -19*f - 139. Give i(-7).
-6
Let h(q) = -3*q**2 + 17*q + 3. Determine h(5).
13
Let p(i) = -73*i + 72. Give p(1).
-1
Let x(t) = t**3 + 10*t**2 + 4*t + 9. Give x(-10).
-31
Let o(t) = 18*t + 11. Calculate o(-4).
-61
Let f(t) = t**3 + 7*t**2 - 7*t + 14. Calculate f(-8).
6
Let c(v) = 2*v**2 + 92*v + 5. Give c(-46).
5
Let u(b) = b**3 + 5*b**2 - 4*b - 7. Give u(-5).
13
Let x(w) = -w**3 - 9*w**2 - 2*w - 32. Calculate x(-9).
-14
Let t(w) = -w**3 + 2*w. What is t(-3)?
21
Let x(o) = 5*o - 20. What is x(8)?
20
Let p(v) = v**3 + v**2 - v + 9. Determine p(0).
9
Let q(o) = -3*o - 33. Determine q(-15).
12
Let j(z) = 44*z - 1008. What is j(23)?
4
Let z(d) = 2*d - 130. What is z(30)?
-70
Let c(v) = -3*v + 2. What is c(-3)?
11
Let r(x) = -10*x - 156. Give r(-16).
4
Let i(u) = -2*u**2 + 15*u + 22. What is i(9)?
-5
Let d(b) = -b**3 - 2*b**2 + 5*b. Determine d(-3).
-6
Let o(m) = -2*m**2 - 2*m - 2. What is o(-2)?
-6
Let v(h) = -h**2 - 31*h + 9. Determine v(-31).
9
Let m(h) = -h**2 + 17*h - 30. Calculate m(11).
36
Let v(t) = -5*t - 40. What is v(0)?
-40
Let p(t) = t**2 - 2*t + 4. What is p(2)?
4
Let r(b) = b**2 + 44*b - 167. Calculate r(-46).
-75
Let c(j) = -31*j**3 + 2*j - 1. What is c(1)?
-30
Let i(s) = -s**3 + 8*s**2 - 17. Calculate i(7).
32
Let b(d) = -7*d - 6. Give b(2).
-20
Let z(t) = -t**2 - 23*t - 148. Give z(-11).
-16
Let o(l) = -2*l**2 + 15*l - 3. Give o(7).
4
Let j(g) = 6*g**2 - g + 2. Determine j(-2).
28
Let v(u) = u**3 - 51*u**2 + 142*u + 93. Give v(48).
-3
Let a(y) = -y**2 - 8*y - 3. Calculate a(-7).
4
Let c(t) = t**2 - 14*t + 26. Calculate c(11).
-7
Let v(g) = g**2 + 4*g. Give v(-6).
12
Let j(w) = -w**3 - 11*w**2 - 14*w + 19. Determine j(-9).
-17
Let d(q) = q**2 - 11*q - 20. What is d(17)?
82
Let y(m) = -m**3 + 13*m**2 - 11*m - 23. What is y(12)?
-11
Let q(n) = n**2 - 7*n + 9. Give q(4).
-3
Let v(g) = 35*g + 388. Calculate v(-11).
3
Let n(w) = -6*w + 45. What is n(6)?
9
Let f(l) = -3*l**3 - 5*l**2 - 5*l - 1. Give f(-2).
13
Let z(r) = r**2 - r - 6. Calculate z(6).
24
Let b(m) = -m**2 - 3*m - 3. Calculate b(-3).
-3
Let o(f) = f**2 - 19*f - 20. What is o(19)?
-20
Let s(z) = -2*z**3 + 3*z**2 + 5*z + 6. Determine s(3).
-6
Let h(r) = -5*r**2 + 14*r - 4. Give h(4).
-28
Let k(o) = o**3 - 2*o - 6. What is k(-3)?
-27
Let t(g) = 9*g**2 - 2*g - 1. Give t(-1).
10
Let s(n) = n**3 + 5*n**2 - 17*n - 15. Determine s(-7).
6
Let r(x) = 2*x**3 - 24*x**2 + 19*x + 26. Calculate r(11).
-7
Let q(r) = -r**2 + 11. Give q(3).
2
Let p(z) = z**3 + 2*z**2 + z. What is p(-2)?
-2
Let u(s) = -s**3 + 5*s**2 + 5*s + 2. Give u(6).
-4
Let f(c) = -c**3 - 5*c**2 - 5*c - 6. Give f(-3).
-9
Let b(j) = j**2 - 7*j - 4. What is b(8)?
4
Let k(s) = -5*s + 67. What is k(15)?
-8
Let d(x) = -x**3 - 2*x + 1. What is d(1)?
-2
Let a(x) = -34*x - 354. Give a(-11).
20
Let n(b) = b**3 - 23*b**2 - 46*b - 48. Determine n(25).
52
Let h(z) = z**3 - 11*z**2 - 2*z + 26. Give h(11).
4
Let z(f) = f**2 + 17*f + 13. Determine z(-17).
13
Let r(b) = 3*b**2 - 130*b + 49. Calculate r(43).
6
Let g(j) = -j**3 - 14*j**2 - 12*j - 6. Determine g(-13).
-19
Let l(y) = -18*y + 10. Give l(-3).
64
Let x(w) = -w**2 - 4*w + 4. Give x(3).
-17
Let d(n) = 60*n - 835. What is d(14)?
5
Let g(s) = 2*s + 19. Calculate g(-4).
11
Let g(x) = x + 5. Calculate g(-14).
-9
Let p(c) = -c**3 + 13*c**2 - 16. Determine p(13).
-16
Let q(r) = 2*r + 3. Give q(-9).
-15
Let d(f) = 2*f**3 + 2*f**2 - f + 2. Give d(-2).
-4
Let p(l) = l**3 - 11*l**2 + l - 22. What is p(11)?
-11
Let i(q) = q**3 - 3*q**2 + 4*q - 3. Give i(2).
1
Let x(z) = z**2 - 4*z - 26. What is x(8)?
6
Let z(f) = -2*f**2 + 14*f - 19. Calculate z(5).
1
Let a(c) = -c - 10. Give a(8).
-18
Let l(i) = 17*i + 220. What is l(-13)?
-1
Let j(l) = -l**3 + 17*l**2 + 39*l - 16. Calculate j(19).
3
Let p(a) = -2*a**2 + 4. Give p(-4).
-28
Let i(r) = 42*r - 4. What is i(-3)?
-130
Let p(k) = -k**2 + 12*k - 3. Determine p(12).
-3
Let g(t) = 10*t + 15. What is g(-7)?
-55
Let a(u) = -2*u**2 + 24*u + 10. Determine a(13).
-16
Let v(o) = o**3 - o**2 + 2*o - 4. What is v(2)?
4
Let d(k) = -3*k**3 + 14*k**2 + 6*k - 2. Give d(5).
3
Let s(j) = -j**3 + 2*j**2 - 2. Give s(-3).
43
Let g(n) = 6*n**2 + 1. What is g(-1)?
7
Let y(m) = -9*m - 95. What is y(-10)?
-5
Let u(j) = -5*j + 14. Give u(3).
-1
Let v(m) = -m**2 - 17*m + 115. Calculate v(-22).
5
Let m(b) = b**3 + 3*b**2 + 9*b + 9. Determine m(-3).
-18
Let b(t) = 2*t + 11. What is b(10)?
31
Let r(j) = j**2 + 6*j + 7. Give r(-6).
7
Let a(i) = i**2 - i + 1. Give a(-6).
43
Let k(m) = -m**3 + 29*m**2 - 53*m - 25. Give k(27).
2
Let a(p) = -p**3 - 20*p**2 + 22. Calculate a(-20).
22
Let n(c) = 2*c + 5. Give n(2).
9
Let o(i) = -i**2 - 7*i - 5. Determine o(-3).
7
Let g(r) = r. What is g(4)?
4
Let v(m) = m**3 - 12*m**2 - 16*m + 18. Give v(13).
-21
Let c(n) = -n**2 + 3*n + 4. Calculate c(2).
6
Let m(k) = -4*k**2 + 3*k. Determine m(-3).
-45
Let j(y) = 9*y + 4. What is j(2)?
22
Let b(k) = -3*k**2 - 2*k + 10. What is b(2)?
-6
Let c(x) = -2*x**2 + 16*x - 7. Calculate c(7).
7
Let n(u) = u**2 - u - 10. Calculate n(3).
-4
Let r(l) = -l**2 - 5*l - 3. What is r(4)?
-39
Let p(j) = -7*j**2. Calculate p(-1).
-7
Let l(a) = a**3 - 8*a**2 + a. Determine l(7).
-42
Let w(h) = -34*h**3 - 1. Determine w(-1).
33
Let z(d) = -12*d - 427. Give z(-36).
5
Let h(b) = 2*b - 11. Give h(12).
13
Let r(y) = 28*y. Determine r(-1).
-28
Let u(c) = c**3 + 17*c**2 - c + 24. What is u(-17)?
41
Let s(l) = 3*l**3 + l**2 - l. What is s(1)?
3
Let b(f) = -f**3 + 6*f**2 + 3*f + 13. What is b(7)?
-15
Let m(l) = -8*l + 36. Calculate m(7).
-20
Let p(r) = r**2 + 43*r + 19. Give p(-43).
19
Let f(p) = p**3 + 12*p**2 - 3*p + 15. What is f(-12)?
51
Let t(a) = 9*a**2 + 129*a + 37. Determine t(-14).
-5
Let a(g) = g**2 - 7*g - 1. Calculate a(4).
-13
Let n(o) = -9*o + 91. Calculate n(10).
1
Let n(l) = -8*l**3 + 2*l**2 - 3*l + 1. What is n(1)?
-8
Let u(w) = 7*w - 47. Calculate u(13).
44
Let n(s) = 5*s**3 + s**2 - s - 1. Determine n(1).
4
Let f(j) = j**3 + 9*j**2 + 19*j + 3. Give f(-7).
-32
Let l(s) = 19*s - 1. Determine l(4).
75
Let f(o) = -3*o - 106. What is f(-41)?
17
Let p(z) = -z**2 + 6*z - 7. Determine p(6).
-7
Let f(b) = 37*b - 183. What is f(5)?
2
Let a(v) = -3*v**3 + 56*v**2 - 38*v + 18. What is a(18)?
-18
Let s(w) = w**2 + 12*w + 9. What is s(-9)?
-18
Let v(p) = 2*p + 10. What is v(-5)?
0
Let x(i) = -i**3 + 14*i**2 - i + 18. Calculate x(14).
4
Let v(d) = -11*d + 6. What is v(3)?
-27
Let x(t) = -5*t - 14. What is x(0)?
-14
Let m(f) = -10*f - 47. Determine m(-5).
3
Let d(p) = p**2 - 6*p - 3. Give d(-5).
52
Let u(c) = -c**2 + 2*c - 25. Calculate u(0).
-25
Let c(h) = -9*h + 34. What is c(12)?
-74
Let y(h) = h**3 + 10*h**2 - 4*h - 10. What is y(-10)?
30
Let x(t) = 7*t**2 